
{"id":55092,"date":"2013-05-06T16:40:07","date_gmt":"2013-05-06T19:40:07","guid":{"rendered":"http:\/\/www.politicosdosuldabahia.com.br\/v1\/wp-content\/uploads\/2013\/05\/Deputado-federal-Felix-Junior-PDT-Bahia-Divulga\u00e7\u00e3o.jpg"},"modified":"2013-05-06T16:40:07","modified_gmt":"2013-05-06T19:40:07","slug":"deputado-federal-felix-junior-pdt-bahia-divulgacao","status":"inherit","type":"attachment","link":"https:\/\/www.politicosdosuldabahia.com.br\/v1\/2013\/05\/06\/transformacao-da-ceplac-em-embrapa-cacau-e-urgente-afirma-felix-junior\/deputado-federal-felix-junior-pdt-bahia-divulgacao\/","title":{"rendered":"Deputado federal Felix Junior &#8211; PDT-Bahia &#8211; Divulga\u00e7\u00e3o"},"author":2,"featured_media":0,"comment_status":"open","ping_status":"open","template":"","meta":{"_links_to":"","_links_to_target":""},"class_list":["post-55092","attachment","type-attachment","status-inherit","hentry"],"description":{"rendered":"<p class=\"attachment\"><a href='https:\/\/www.politicosdosuldabahia.com.br\/v1\/wp-content\/uploads\/2013\/05\/Deputado-federal-Felix-Junior-PDT-Bahia-Divulga\u00e7\u00e3o.jpg'><img loading=\"lazy\" decoding=\"async\" width=\"300\" height=\"231\" src=\"https:\/\/www.politicosdosuldabahia.com.br\/v1\/wp-content\/uploads\/2013\/05\/Deputado-federal-Felix-Junior-PDT-Bahia-Divulga\u00e7\u00e3o-300x231.jpg\" class=\"attachment-medium size-medium\" alt=\"\" srcset=\"https:\/\/www.politicosdosuldabahia.com.br\/v1\/wp-content\/uploads\/2013\/05\/Deputado-federal-Felix-Junior-PDT-Bahia-Divulga\u00e7\u00e3o-300x231.jpg 300w, https:\/\/www.politicosdosuldabahia.com.br\/v1\/wp-content\/uploads\/2013\/05\/Deputado-federal-Felix-Junior-PDT-Bahia-Divulga\u00e7\u00e3o.jpg 882w\" sizes=\"(max-width: 300px) 100vw, 300px\" \/><\/a><\/p>\n"},"caption":{"rendered":""},"alt_text":"","media_type":"image","mime_type":"image\/jpeg","media_details":{"width":882,"height":680,"file":"2013\/05\/Deputado-federal-Felix-Junior-PDT-Bahia-Divulga\u00e7\u00e3o.jpg","sizes":{"thumbnail":{"file":"Deputado-federal-Felix-Junior-PDT-Bahia-Divulga\u00e7\u00e3o-150x150.jpg","width":150,"height":150,"mime_type":"image\/jpeg","source_url":"https:\/\/www.politicosdosuldabahia.com.br\/v1\/wp-content\/uploads\/2013\/05\/Deputado-federal-Felix-Junior-PDT-Bahia-Divulga\u00e7\u00e3o-150x150.jpg"},"medium":{"file":"Deputado-federal-Felix-Junior-PDT-Bahia-Divulga\u00e7\u00e3o-300x231.jpg","width":300,"height":231,"mime_type":"image\/jpeg","source_url":"https:\/\/www.politicosdosuldabahia.com.br\/v1\/wp-content\/uploads\/2013\/05\/Deputado-federal-Felix-Junior-PDT-Bahia-Divulga\u00e7\u00e3o-300x231.jpg"},"full":{"file":"Deputado-federal-Felix-Junior-PDT-Bahia-Divulga\u00e7\u00e3o.jpg","width":882,"height":680,"mime_type":"image\/jpeg","source_url":"https:\/\/www.politicosdosuldabahia.com.br\/v1\/wp-content\/uploads\/2013\/05\/Deputado-federal-Felix-Junior-PDT-Bahia-Divulga\u00e7\u00e3o.jpg"}},"image_meta":{"aperture":2.8,"credit":"ALEXANDRE AMARANTE","camera":"NIKON D300","caption":"","created_timestamp":1364311526,"copyright":"","focal_length":"150","iso":"1250","shutter_speed":"0.004","title":""}},"post":55091,"source_url":"https:\/\/www.politicosdosuldabahia.com.br\/v1\/wp-content\/uploads\/2013\/05\/Deputado-federal-Felix-Junior-PDT-Bahia-Divulga\u00e7\u00e3o.jpg","_links":{"self":[{"href":"https:\/\/www.politicosdosuldabahia.com.br\/v1\/wp-json\/wp\/v2\/media\/55092"}],"collection":[{"href":"https:\/\/www.politicosdosuldabahia.com.br\/v1\/wp-json\/wp\/v2\/media"}],"about":[{"href":"https:\/\/www.politicosdosuldabahia.com.br\/v1\/wp-json\/wp\/v2\/types\/attachment"}],"author":[{"embeddable":true,"href":"https:\/\/www.politicosdosuldabahia.com.br\/v1\/wp-json\/wp\/v2\/users\/2"}],"replies":[{"embeddable":true,"href":"https:\/\/www.politicosdosuldabahia.com.br\/v1\/wp-json\/wp\/v2\/comments?post=55092"}]}}

http://www.politicosdosuldabahia.com.br/v1/wp-content/uploads/2013/05/Deputado-federal-Felix-Junior-PDT-Bahia-Divulgação.jpg

Deputado federal Felix Junior &#8211; PDT-Bahia &#8211; Divulgação

<p class="attachment"><a href='https://www.politicosdosuldabahia.com.br/v1/wp-content/uploads/2013/05/Deputado-federal-Felix-Junior-PDT-Bahia-Divulgação.jpg'><img loading="lazy" decoding="async" width="300" height="231" src="https://www.politicosdosuldabahia.com.br/v1/wp-content/uploads/2013/05/Deputado-federal-Felix-Junior-PDT-Bahia-Divulgação-300x231.jpg" class="attachment-medium size-medium" alt="" srcset="https://www.politicosdosuldabahia.com.br/v1/wp-content/uploads/2013/05/Deputado-federal-Felix-Junior-PDT-Bahia-Divulgação-300x231.jpg 300w, https://www.politicosdosuldabahia.com.br/v1/wp-content/uploads/2013/05/Deputado-federal-Felix-Junior-PDT-Bahia-Divulgação.jpg 882w" sizes="(max-width: 300px) 100vw, 300px" /></a></p>

2013/05/Deputado-federal-Felix-Junior-PDT-Bahia-Divulgação.jpg

Deputado-federal-Felix-Junior-PDT-Bahia-Divulgação-150x150.jpg

https://www.politicosdosuldabahia.com.br/v1/wp-content/uploads/2013/05/Deputado-federal-Felix-Junior-PDT-Bahia-Divulgação-150x150.jpg

Deputado-federal-Felix-Junior-PDT-Bahia-Divulgação-300x231.jpg

https://www.politicosdosuldabahia.com.br/v1/wp-content/uploads/2013/05/Deputado-federal-Felix-Junior-PDT-Bahia-Divulgação-300x231.jpg

Deputado-federal-Felix-Junior-PDT-Bahia-Divulgação.jpg

https://www.politicosdosuldabahia.com.br/v1/wp-content/uploads/2013/05/Deputado-federal-Felix-Junior-PDT-Bahia-Divulgação.jpg
