
{"id":54522,"date":"2013-04-23T15:41:50","date_gmt":"2013-04-23T18:41:50","guid":{"rendered":"http:\/\/www.politicosdosuldabahia.com.br\/v1\/wp-content\/uploads\/2013\/04\/Pop\u00f3-Tiririca-e-Rom\u00e1rio-chegam-a-Itabuna-para-Futebol-Solid\u00e1rio-Foto-Gabriel-de-Oliveira-2.jpg"},"modified":"2013-04-23T15:41:50","modified_gmt":"2013-04-23T18:41:50","slug":"popo-tiririca-e-romario-chegam-a-itabuna-para-futebol-solidario-foto-gabriel-de-oliveira-2","status":"inherit","type":"attachment","link":"https:\/\/www.politicosdosuldabahia.com.br\/v1\/2013\/04\/23\/itabuna-popo-tiririca-e-romario-chegam-realizam-o-futebol-solidario\/popo-tiririca-e-romario-chegam-a-itabuna-para-futebol-solidario-foto-gabriel-de-oliveira-2\/","title":{"rendered":"Pop\u00f3, Tiririca e Rom\u00e1rio chegam a Itabuna para Futebol Solid\u00e1rio &#8211; Foto Gabriel de Oliveira (2)"},"author":2,"featured_media":0,"comment_status":"open","ping_status":"open","template":"","meta":{"_links_to":"","_links_to_target":""},"class_list":["post-54522","attachment","type-attachment","status-inherit","hentry"],"description":{"rendered":"<p class=\"attachment\"><a href='https:\/\/www.politicosdosuldabahia.com.br\/v1\/wp-content\/uploads\/2013\/04\/Pop\u00f3-Tiririca-e-Rom\u00e1rio-chegam-a-Itabuna-para-Futebol-Solid\u00e1rio-Foto-Gabriel-de-Oliveira-2.jpg'><img loading=\"lazy\" decoding=\"async\" width=\"300\" height=\"199\" src=\"https:\/\/www.politicosdosuldabahia.com.br\/v1\/wp-content\/uploads\/2013\/04\/Pop\u00f3-Tiririca-e-Rom\u00e1rio-chegam-a-Itabuna-para-Futebol-Solid\u00e1rio-Foto-Gabriel-de-Oliveira-2-300x199.jpg\" class=\"attachment-medium size-medium\" alt=\"\" srcset=\"https:\/\/www.politicosdosuldabahia.com.br\/v1\/wp-content\/uploads\/2013\/04\/Pop\u00f3-Tiririca-e-Rom\u00e1rio-chegam-a-Itabuna-para-Futebol-Solid\u00e1rio-Foto-Gabriel-de-Oliveira-2-300x199.jpg 300w, https:\/\/www.politicosdosuldabahia.com.br\/v1\/wp-content\/uploads\/2013\/04\/Pop\u00f3-Tiririca-e-Rom\u00e1rio-chegam-a-Itabuna-para-Futebol-Solid\u00e1rio-Foto-Gabriel-de-Oliveira-2-1024x680.jpg 1024w, https:\/\/www.politicosdosuldabahia.com.br\/v1\/wp-content\/uploads\/2013\/04\/Pop\u00f3-Tiririca-e-Rom\u00e1rio-chegam-a-Itabuna-para-Futebol-Solid\u00e1rio-Foto-Gabriel-de-Oliveira-2.jpg 1772w\" sizes=\"(max-width: 300px) 100vw, 300px\" \/><\/a><\/p>\n"},"caption":{"rendered":""},"alt_text":"","media_type":"image","mime_type":"image\/jpeg","media_details":{"width":1772,"height":1177,"file":"2013\/04\/Pop\u00f3-Tiririca-e-Rom\u00e1rio-chegam-a-Itabuna-para-Futebol-Solid\u00e1rio-Foto-Gabriel-de-Oliveira-2.jpg","sizes":{"thumbnail":{"file":"Pop\u00f3-Tiririca-e-Rom\u00e1rio-chegam-a-Itabuna-para-Futebol-Solid\u00e1rio-Foto-Gabriel-de-Oliveira-2-150x150.jpg","width":150,"height":150,"mime_type":"image\/jpeg","source_url":"https:\/\/www.politicosdosuldabahia.com.br\/v1\/wp-content\/uploads\/2013\/04\/Pop\u00f3-Tiririca-e-Rom\u00e1rio-chegam-a-Itabuna-para-Futebol-Solid\u00e1rio-Foto-Gabriel-de-Oliveira-2-150x150.jpg"},"medium":{"file":"Pop\u00f3-Tiririca-e-Rom\u00e1rio-chegam-a-Itabuna-para-Futebol-Solid\u00e1rio-Foto-Gabriel-de-Oliveira-2-300x199.jpg","width":300,"height":199,"mime_type":"image\/jpeg","source_url":"https:\/\/www.politicosdosuldabahia.com.br\/v1\/wp-content\/uploads\/2013\/04\/Pop\u00f3-Tiririca-e-Rom\u00e1rio-chegam-a-Itabuna-para-Futebol-Solid\u00e1rio-Foto-Gabriel-de-Oliveira-2-300x199.jpg"},"large":{"file":"Pop\u00f3-Tiririca-e-Rom\u00e1rio-chegam-a-Itabuna-para-Futebol-Solid\u00e1rio-Foto-Gabriel-de-Oliveira-2-1024x680.jpg","width":1024,"height":680,"mime_type":"image\/jpeg","source_url":"https:\/\/www.politicosdosuldabahia.com.br\/v1\/wp-content\/uploads\/2013\/04\/Pop\u00f3-Tiririca-e-Rom\u00e1rio-chegam-a-Itabuna-para-Futebol-Solid\u00e1rio-Foto-Gabriel-de-Oliveira-2-1024x680.jpg"},"full":{"file":"Pop\u00f3-Tiririca-e-Rom\u00e1rio-chegam-a-Itabuna-para-Futebol-Solid\u00e1rio-Foto-Gabriel-de-Oliveira-2.jpg","width":1772,"height":1177,"mime_type":"image\/jpeg","source_url":"https:\/\/www.politicosdosuldabahia.com.br\/v1\/wp-content\/uploads\/2013\/04\/Pop\u00f3-Tiririca-e-Rom\u00e1rio-chegam-a-Itabuna-para-Futebol-Solid\u00e1rio-Foto-Gabriel-de-Oliveira-2.jpg"}},"image_meta":{"aperture":0,"credit":"","camera":"","caption":"","created_timestamp":0,"copyright":"","focal_length":0,"iso":0,"shutter_speed":0,"title":""}},"post":54521,"source_url":"https:\/\/www.politicosdosuldabahia.com.br\/v1\/wp-content\/uploads\/2013\/04\/Pop\u00f3-Tiririca-e-Rom\u00e1rio-chegam-a-Itabuna-para-Futebol-Solid\u00e1rio-Foto-Gabriel-de-Oliveira-2.jpg","_links":{"self":[{"href":"https:\/\/www.politicosdosuldabahia.com.br\/v1\/wp-json\/wp\/v2\/media\/54522"}],"collection":[{"href":"https:\/\/www.politicosdosuldabahia.com.br\/v1\/wp-json\/wp\/v2\/media"}],"about":[{"href":"https:\/\/www.politicosdosuldabahia.com.br\/v1\/wp-json\/wp\/v2\/types\/attachment"}],"author":[{"embeddable":true,"href":"https:\/\/www.politicosdosuldabahia.com.br\/v1\/wp-json\/wp\/v2\/users\/2"}],"replies":[{"embeddable":true,"href":"https:\/\/www.politicosdosuldabahia.com.br\/v1\/wp-json\/wp\/v2\/comments?post=54522"}]}}

http://www.politicosdosuldabahia.com.br/v1/wp-content/uploads/2013/04/Popó-Tiririca-e-Romário-chegam-a-Itabuna-para-Futebol-Solidário-Foto-Gabriel-de-Oliveira-2.jpg

Popó, Tiririca e Romário chegam a Itabuna para Futebol Solidário &#8211; Foto Gabriel de Oliveira (2)

<p class="attachment"><a href='https://www.politicosdosuldabahia.com.br/v1/wp-content/uploads/2013/04/Popó-Tiririca-e-Romário-chegam-a-Itabuna-para-Futebol-Solidário-Foto-Gabriel-de-Oliveira-2.jpg'><img loading="lazy" decoding="async" width="300" height="199" src="https://www.politicosdosuldabahia.com.br/v1/wp-content/uploads/2013/04/Popó-Tiririca-e-Romário-chegam-a-Itabuna-para-Futebol-Solidário-Foto-Gabriel-de-Oliveira-2-300x199.jpg" class="attachment-medium size-medium" alt="" srcset="https://www.politicosdosuldabahia.com.br/v1/wp-content/uploads/2013/04/Popó-Tiririca-e-Romário-chegam-a-Itabuna-para-Futebol-Solidário-Foto-Gabriel-de-Oliveira-2-300x199.jpg 300w, https://www.politicosdosuldabahia.com.br/v1/wp-content/uploads/2013/04/Popó-Tiririca-e-Romário-chegam-a-Itabuna-para-Futebol-Solidário-Foto-Gabriel-de-Oliveira-2-1024x680.jpg 1024w, https://www.politicosdosuldabahia.com.br/v1/wp-content/uploads/2013/04/Popó-Tiririca-e-Romário-chegam-a-Itabuna-para-Futebol-Solidário-Foto-Gabriel-de-Oliveira-2.jpg 1772w" sizes="(max-width: 300px) 100vw, 300px" /></a></p>

2013/04/Popó-Tiririca-e-Romário-chegam-a-Itabuna-para-Futebol-Solidário-Foto-Gabriel-de-Oliveira-2.jpg

Popó-Tiririca-e-Romário-chegam-a-Itabuna-para-Futebol-Solidário-Foto-Gabriel-de-Oliveira-2-150x150.jpg

https://www.politicosdosuldabahia.com.br/v1/wp-content/uploads/2013/04/Popó-Tiririca-e-Romário-chegam-a-Itabuna-para-Futebol-Solidário-Foto-Gabriel-de-Oliveira-2-150x150.jpg

Popó-Tiririca-e-Romário-chegam-a-Itabuna-para-Futebol-Solidário-Foto-Gabriel-de-Oliveira-2-300x199.jpg

https://www.politicosdosuldabahia.com.br/v1/wp-content/uploads/2013/04/Popó-Tiririca-e-Romário-chegam-a-Itabuna-para-Futebol-Solidário-Foto-Gabriel-de-Oliveira-2-300x199.jpg

Popó-Tiririca-e-Romário-chegam-a-Itabuna-para-Futebol-Solidário-Foto-Gabriel-de-Oliveira-2-1024x680.jpg

https://www.politicosdosuldabahia.com.br/v1/wp-content/uploads/2013/04/Popó-Tiririca-e-Romário-chegam-a-Itabuna-para-Futebol-Solidário-Foto-Gabriel-de-Oliveira-2-1024x680.jpg

Popó-Tiririca-e-Romário-chegam-a-Itabuna-para-Futebol-Solidário-Foto-Gabriel-de-Oliveira-2.jpg

https://www.politicosdosuldabahia.com.br/v1/wp-content/uploads/2013/04/Popó-Tiririca-e-Romário-chegam-a-Itabuna-para-Futebol-Solidário-Foto-Gabriel-de-Oliveira-2.jpg
