
{"id":53508,"date":"2013-04-01T15:30:13","date_gmt":"2013-04-01T18:30:13","guid":{"rendered":"http:\/\/www.politicosdosuldabahia.com.br\/v1\/wp-content\/uploads\/2013\/04\/Fachada-Sec.de-sa\u00fade-Foto-Gidelzo-Silva-Secom-Ilh\u00e9us-21.jpg"},"modified":"2013-04-01T15:30:13","modified_gmt":"2013-04-01T18:30:13","slug":"fachada-sec-de-saude-foto-gidelzo-silva-secom-ilheus-2-2","status":"inherit","type":"attachment","link":"https:\/\/www.politicosdosuldabahia.com.br\/v1\/2013\/04\/01\/ilheus-auditoria-na-saude-indica-superfaturamento-desvio-de-verbas-e-sumico-de-documentos\/fachada-sec-de-saude-foto-gidelzo-silva-secom-ilheus-2-2\/","title":{"rendered":"Fachada Sec.de sa\u00fade Foto Gidelzo Silva (Secom Ilh\u00e9us) 2"},"author":2,"featured_media":0,"comment_status":"open","ping_status":"open","template":"","meta":{"_links_to":"","_links_to_target":""},"class_list":["post-53508","attachment","type-attachment","status-inherit","hentry"],"description":{"rendered":"<p class=\"attachment\"><a href='https:\/\/www.politicosdosuldabahia.com.br\/v1\/wp-content\/uploads\/2013\/04\/Fachada-Sec.de-sa\u00fade-Foto-Gidelzo-Silva-Secom-Ilh\u00e9us-21.jpg'><img loading=\"lazy\" decoding=\"async\" width=\"300\" height=\"175\" src=\"https:\/\/www.politicosdosuldabahia.com.br\/v1\/wp-content\/uploads\/2013\/04\/Fachada-Sec.de-sa\u00fade-Foto-Gidelzo-Silva-Secom-Ilh\u00e9us-21-300x175.jpg\" class=\"attachment-medium size-medium\" alt=\"\" srcset=\"https:\/\/www.politicosdosuldabahia.com.br\/v1\/wp-content\/uploads\/2013\/04\/Fachada-Sec.de-sa\u00fade-Foto-Gidelzo-Silva-Secom-Ilh\u00e9us-21-300x175.jpg 300w, https:\/\/www.politicosdosuldabahia.com.br\/v1\/wp-content\/uploads\/2013\/04\/Fachada-Sec.de-sa\u00fade-Foto-Gidelzo-Silva-Secom-Ilh\u00e9us-21.jpg 1024w\" sizes=\"(max-width: 300px) 100vw, 300px\" \/><\/a><\/p>\n"},"caption":{"rendered":""},"alt_text":"","media_type":"image","mime_type":"image\/jpeg","media_details":{"width":1024,"height":599,"file":"2013\/04\/Fachada-Sec.de-sa\u00fade-Foto-Gidelzo-Silva-Secom-Ilh\u00e9us-21.jpg","sizes":{"thumbnail":{"file":"Fachada-Sec.de-sa\u00fade-Foto-Gidelzo-Silva-Secom-Ilh\u00e9us-21-150x150.jpg","width":150,"height":150,"mime_type":"image\/jpeg","source_url":"https:\/\/www.politicosdosuldabahia.com.br\/v1\/wp-content\/uploads\/2013\/04\/Fachada-Sec.de-sa\u00fade-Foto-Gidelzo-Silva-Secom-Ilh\u00e9us-21-150x150.jpg"},"medium":{"file":"Fachada-Sec.de-sa\u00fade-Foto-Gidelzo-Silva-Secom-Ilh\u00e9us-21-300x175.jpg","width":300,"height":175,"mime_type":"image\/jpeg","source_url":"https:\/\/www.politicosdosuldabahia.com.br\/v1\/wp-content\/uploads\/2013\/04\/Fachada-Sec.de-sa\u00fade-Foto-Gidelzo-Silva-Secom-Ilh\u00e9us-21-300x175.jpg"},"full":{"file":"Fachada-Sec.de-sa\u00fade-Foto-Gidelzo-Silva-Secom-Ilh\u00e9us-21.jpg","width":1024,"height":599,"mime_type":"image\/jpeg","source_url":"https:\/\/www.politicosdosuldabahia.com.br\/v1\/wp-content\/uploads\/2013\/04\/Fachada-Sec.de-sa\u00fade-Foto-Gidelzo-Silva-Secom-Ilh\u00e9us-21.jpg"}},"image_meta":{"aperture":10,"credit":"","camera":"Canon EOS DIGITAL REBEL XTi","caption":"","created_timestamp":1360075864,"copyright":"","focal_length":"21","iso":"100","shutter_speed":"0.008","title":""}},"post":53506,"source_url":"https:\/\/www.politicosdosuldabahia.com.br\/v1\/wp-content\/uploads\/2013\/04\/Fachada-Sec.de-sa\u00fade-Foto-Gidelzo-Silva-Secom-Ilh\u00e9us-21.jpg","_links":{"self":[{"href":"https:\/\/www.politicosdosuldabahia.com.br\/v1\/wp-json\/wp\/v2\/media\/53508"}],"collection":[{"href":"https:\/\/www.politicosdosuldabahia.com.br\/v1\/wp-json\/wp\/v2\/media"}],"about":[{"href":"https:\/\/www.politicosdosuldabahia.com.br\/v1\/wp-json\/wp\/v2\/types\/attachment"}],"author":[{"embeddable":true,"href":"https:\/\/www.politicosdosuldabahia.com.br\/v1\/wp-json\/wp\/v2\/users\/2"}],"replies":[{"embeddable":true,"href":"https:\/\/www.politicosdosuldabahia.com.br\/v1\/wp-json\/wp\/v2\/comments?post=53508"}]}}

http://www.politicosdosuldabahia.com.br/v1/wp-content/uploads/2013/04/Fachada-Sec.de-saúde-Foto-Gidelzo-Silva-Secom-Ilhéus-21.jpg

Fachada Sec.de saúde Foto Gidelzo Silva (Secom Ilhéus) 2

<p class="attachment"><a href='https://www.politicosdosuldabahia.com.br/v1/wp-content/uploads/2013/04/Fachada-Sec.de-saúde-Foto-Gidelzo-Silva-Secom-Ilhéus-21.jpg'><img loading="lazy" decoding="async" width="300" height="175" src="https://www.politicosdosuldabahia.com.br/v1/wp-content/uploads/2013/04/Fachada-Sec.de-saúde-Foto-Gidelzo-Silva-Secom-Ilhéus-21-300x175.jpg" class="attachment-medium size-medium" alt="" srcset="https://www.politicosdosuldabahia.com.br/v1/wp-content/uploads/2013/04/Fachada-Sec.de-saúde-Foto-Gidelzo-Silva-Secom-Ilhéus-21-300x175.jpg 300w, https://www.politicosdosuldabahia.com.br/v1/wp-content/uploads/2013/04/Fachada-Sec.de-saúde-Foto-Gidelzo-Silva-Secom-Ilhéus-21.jpg 1024w" sizes="(max-width: 300px) 100vw, 300px" /></a></p>

2013/04/Fachada-Sec.de-saúde-Foto-Gidelzo-Silva-Secom-Ilhéus-21.jpg

Fachada-Sec.de-saúde-Foto-Gidelzo-Silva-Secom-Ilhéus-21-150x150.jpg

https://www.politicosdosuldabahia.com.br/v1/wp-content/uploads/2013/04/Fachada-Sec.de-saúde-Foto-Gidelzo-Silva-Secom-Ilhéus-21-150x150.jpg

Fachada-Sec.de-saúde-Foto-Gidelzo-Silva-Secom-Ilhéus-21-300x175.jpg

https://www.politicosdosuldabahia.com.br/v1/wp-content/uploads/2013/04/Fachada-Sec.de-saúde-Foto-Gidelzo-Silva-Secom-Ilhéus-21-300x175.jpg

Fachada-Sec.de-saúde-Foto-Gidelzo-Silva-Secom-Ilhéus-21.jpg

https://www.politicosdosuldabahia.com.br/v1/wp-content/uploads/2013/04/Fachada-Sec.de-saúde-Foto-Gidelzo-Silva-Secom-Ilhéus-21.jpg
