
{"id":48669,"date":"2012-12-14T14:41:38","date_gmt":"2012-12-14T17:41:38","guid":{"rendered":"http:\/\/www.politicosdosuldabahia.com.br\/v1\/wp-content\/uploads\/2012\/12\/Prefeito-Vane-anuncia-conten\u00e7\u00e3o-de-gastos-foto2-Gabriel-de-Oliveira.jpg"},"modified":"2012-12-14T14:41:38","modified_gmt":"2012-12-14T17:41:38","slug":"prefeito-vane-anuncia-contencao-de-gastos-foto2-gabriel-de-oliveira","status":"inherit","type":"attachment","link":"https:\/\/www.politicosdosuldabahia.com.br\/v1\/2012\/12\/14\/vane-nao-quero-a-camara-atrelada-ao-governo-municipal\/prefeito-vane-anuncia-contencao-de-gastos-foto2-gabriel-de-oliveira\/","title":{"rendered":"Prefeito Vane anuncia conten\u00e7\u00e3o de gastos, foto2 Gabriel de Oliveira"},"author":2,"featured_media":0,"comment_status":"open","ping_status":"open","template":"","meta":{"_links_to":"","_links_to_target":""},"class_list":["post-48669","attachment","type-attachment","status-inherit","hentry"],"description":{"rendered":"<p class=\"attachment\"><a href='https:\/\/www.politicosdosuldabahia.com.br\/v1\/wp-content\/uploads\/2012\/12\/Prefeito-Vane-anuncia-conten\u00e7\u00e3o-de-gastos-foto2-Gabriel-de-Oliveira.jpg'><img loading=\"lazy\" decoding=\"async\" width=\"235\" height=\"300\" src=\"https:\/\/www.politicosdosuldabahia.com.br\/v1\/wp-content\/uploads\/2012\/12\/Prefeito-Vane-anuncia-conten\u00e7\u00e3o-de-gastos-foto2-Gabriel-de-Oliveira-235x300.jpg\" class=\"attachment-medium size-medium\" alt=\"\" srcset=\"https:\/\/www.politicosdosuldabahia.com.br\/v1\/wp-content\/uploads\/2012\/12\/Prefeito-Vane-anuncia-conten\u00e7\u00e3o-de-gastos-foto2-Gabriel-de-Oliveira-235x300.jpg 235w, https:\/\/www.politicosdosuldabahia.com.br\/v1\/wp-content\/uploads\/2012\/12\/Prefeito-Vane-anuncia-conten\u00e7\u00e3o-de-gastos-foto2-Gabriel-de-Oliveira.jpg 527w\" sizes=\"(max-width: 235px) 100vw, 235px\" \/><\/a><\/p>\n"},"caption":{"rendered":""},"alt_text":"","media_type":"image","mime_type":"image\/jpeg","media_details":{"width":527,"height":671,"file":"2012\/12\/Prefeito-Vane-anuncia-conten\u00e7\u00e3o-de-gastos-foto2-Gabriel-de-Oliveira.jpg","sizes":{"thumbnail":{"file":"Prefeito-Vane-anuncia-conten\u00e7\u00e3o-de-gastos-foto2-Gabriel-de-Oliveira-150x150.jpg","width":150,"height":150,"mime_type":"image\/jpeg","source_url":"https:\/\/www.politicosdosuldabahia.com.br\/v1\/wp-content\/uploads\/2012\/12\/Prefeito-Vane-anuncia-conten\u00e7\u00e3o-de-gastos-foto2-Gabriel-de-Oliveira-150x150.jpg"},"medium":{"file":"Prefeito-Vane-anuncia-conten\u00e7\u00e3o-de-gastos-foto2-Gabriel-de-Oliveira-235x300.jpg","width":235,"height":300,"mime_type":"image\/jpeg","source_url":"https:\/\/www.politicosdosuldabahia.com.br\/v1\/wp-content\/uploads\/2012\/12\/Prefeito-Vane-anuncia-conten\u00e7\u00e3o-de-gastos-foto2-Gabriel-de-Oliveira-235x300.jpg"},"full":{"file":"Prefeito-Vane-anuncia-conten\u00e7\u00e3o-de-gastos-foto2-Gabriel-de-Oliveira.jpg","width":527,"height":671,"mime_type":"image\/jpeg","source_url":"https:\/\/www.politicosdosuldabahia.com.br\/v1\/wp-content\/uploads\/2012\/12\/Prefeito-Vane-anuncia-conten\u00e7\u00e3o-de-gastos-foto2-Gabriel-de-Oliveira.jpg"}},"image_meta":{"aperture":5,"credit":"G","camera":"Canon EOS REBEL T3i","caption":"","created_timestamp":1355479998,"copyright":"","focal_length":"44","iso":"200","shutter_speed":"0.01","title":""}},"post":48668,"source_url":"https:\/\/www.politicosdosuldabahia.com.br\/v1\/wp-content\/uploads\/2012\/12\/Prefeito-Vane-anuncia-conten\u00e7\u00e3o-de-gastos-foto2-Gabriel-de-Oliveira.jpg","_links":{"self":[{"href":"https:\/\/www.politicosdosuldabahia.com.br\/v1\/wp-json\/wp\/v2\/media\/48669"}],"collection":[{"href":"https:\/\/www.politicosdosuldabahia.com.br\/v1\/wp-json\/wp\/v2\/media"}],"about":[{"href":"https:\/\/www.politicosdosuldabahia.com.br\/v1\/wp-json\/wp\/v2\/types\/attachment"}],"author":[{"embeddable":true,"href":"https:\/\/www.politicosdosuldabahia.com.br\/v1\/wp-json\/wp\/v2\/users\/2"}],"replies":[{"embeddable":true,"href":"https:\/\/www.politicosdosuldabahia.com.br\/v1\/wp-json\/wp\/v2\/comments?post=48669"}]}}

http://www.politicosdosuldabahia.com.br/v1/wp-content/uploads/2012/12/Prefeito-Vane-anuncia-contenção-de-gastos-foto2-Gabriel-de-Oliveira.jpg

Prefeito Vane anuncia contenção de gastos, foto2 Gabriel de Oliveira

<p class="attachment"><a href='https://www.politicosdosuldabahia.com.br/v1/wp-content/uploads/2012/12/Prefeito-Vane-anuncia-contenção-de-gastos-foto2-Gabriel-de-Oliveira.jpg'><img loading="lazy" decoding="async" width="235" height="300" src="https://www.politicosdosuldabahia.com.br/v1/wp-content/uploads/2012/12/Prefeito-Vane-anuncia-contenção-de-gastos-foto2-Gabriel-de-Oliveira-235x300.jpg" class="attachment-medium size-medium" alt="" srcset="https://www.politicosdosuldabahia.com.br/v1/wp-content/uploads/2012/12/Prefeito-Vane-anuncia-contenção-de-gastos-foto2-Gabriel-de-Oliveira-235x300.jpg 235w, https://www.politicosdosuldabahia.com.br/v1/wp-content/uploads/2012/12/Prefeito-Vane-anuncia-contenção-de-gastos-foto2-Gabriel-de-Oliveira.jpg 527w" sizes="(max-width: 235px) 100vw, 235px" /></a></p>

2012/12/Prefeito-Vane-anuncia-contenção-de-gastos-foto2-Gabriel-de-Oliveira.jpg

Prefeito-Vane-anuncia-contenção-de-gastos-foto2-Gabriel-de-Oliveira-150x150.jpg

https://www.politicosdosuldabahia.com.br/v1/wp-content/uploads/2012/12/Prefeito-Vane-anuncia-contenção-de-gastos-foto2-Gabriel-de-Oliveira-150x150.jpg

Prefeito-Vane-anuncia-contenção-de-gastos-foto2-Gabriel-de-Oliveira-235x300.jpg

https://www.politicosdosuldabahia.com.br/v1/wp-content/uploads/2012/12/Prefeito-Vane-anuncia-contenção-de-gastos-foto2-Gabriel-de-Oliveira-235x300.jpg

Prefeito-Vane-anuncia-contenção-de-gastos-foto2-Gabriel-de-Oliveira.jpg

https://www.politicosdosuldabahia.com.br/v1/wp-content/uploads/2012/12/Prefeito-Vane-anuncia-contenção-de-gastos-foto2-Gabriel-de-Oliveira.jpg
