
{"id":44403,"date":"2012-09-12T14:45:34","date_gmt":"2012-09-12T17:45:34","guid":{"rendered":"http:\/\/www.politicosdosuldabahia.com.br\/v1\/wp-content\/uploads\/2012\/09\/inoc\u00eancio-de-carvalho-promotor-p\u00fablico.jpg"},"modified":"2012-09-12T14:45:34","modified_gmt":"2012-09-12T17:45:34","slug":"inocencio-de-carvalho-promotor-publico","status":"inherit","type":"attachment","link":"https:\/\/www.politicosdosuldabahia.com.br\/v1\/2012\/09\/12\/itabuna-ampeb-emite-nota-publica-em-defesa-do-promotor-inocencio-carvalho\/inocencio-de-carvalho-promotor-publico\/","title":{"rendered":"inoc\u00eancio-de-carvalho-promotor-p\u00fablico"},"author":2,"featured_media":0,"comment_status":"open","ping_status":"open","template":"","meta":{"_links_to":"","_links_to_target":""},"class_list":["post-44403","attachment","type-attachment","status-inherit","hentry"],"description":{"rendered":"<p class=\"attachment\"><a href='https:\/\/www.politicosdosuldabahia.com.br\/v1\/wp-content\/uploads\/2012\/09\/inoc\u00eancio-de-carvalho-promotor-p\u00fablico.jpg'><img loading=\"lazy\" decoding=\"async\" width=\"237\" height=\"300\" src=\"https:\/\/www.politicosdosuldabahia.com.br\/v1\/wp-content\/uploads\/2012\/09\/inoc\u00eancio-de-carvalho-promotor-p\u00fablico-237x300.jpg\" class=\"attachment-medium size-medium\" alt=\"\" srcset=\"https:\/\/www.politicosdosuldabahia.com.br\/v1\/wp-content\/uploads\/2012\/09\/inoc\u00eancio-de-carvalho-promotor-p\u00fablico-237x300.jpg 237w, https:\/\/www.politicosdosuldabahia.com.br\/v1\/wp-content\/uploads\/2012\/09\/inoc\u00eancio-de-carvalho-promotor-p\u00fablico.jpg 413w\" sizes=\"(max-width: 237px) 100vw, 237px\" \/><\/a><\/p>\n"},"caption":{"rendered":""},"alt_text":"","media_type":"image","mime_type":"image\/jpeg","media_details":{"width":"413","height":"521","hwstring_small":"height='96' width='76'","file":"2012\/09\/inoc\u00eancio-de-carvalho-promotor-p\u00fablico.jpg","sizes":{"thumbnail":{"file":"inoc\u00eancio-de-carvalho-promotor-p\u00fablico-150x150.jpg","width":"150","height":"150","source_url":"https:\/\/www.politicosdosuldabahia.com.br\/v1\/wp-content\/uploads\/2012\/09\/inoc\u00eancio-de-carvalho-promotor-p\u00fablico-150x150.jpg"},"medium":{"file":"inoc\u00eancio-de-carvalho-promotor-p\u00fablico-237x300.jpg","width":"237","height":"300","source_url":"https:\/\/www.politicosdosuldabahia.com.br\/v1\/wp-content\/uploads\/2012\/09\/inoc\u00eancio-de-carvalho-promotor-p\u00fablico-237x300.jpg"},"full":{"file":"inoc\u00eancio-de-carvalho-promotor-p\u00fablico.jpg","width":413,"height":521,"mime_type":"image\/jpeg","source_url":"https:\/\/www.politicosdosuldabahia.com.br\/v1\/wp-content\/uploads\/2012\/09\/inoc\u00eancio-de-carvalho-promotor-p\u00fablico.jpg"}},"image_meta":{"aperture":"0","credit":"","camera":"","caption":"","created_timestamp":"0","copyright":"","focal_length":"0","iso":"0","shutter_speed":"0","title":""}},"post":44402,"source_url":"https:\/\/www.politicosdosuldabahia.com.br\/v1\/wp-content\/uploads\/2012\/09\/inoc\u00eancio-de-carvalho-promotor-p\u00fablico.jpg","_links":{"self":[{"href":"https:\/\/www.politicosdosuldabahia.com.br\/v1\/wp-json\/wp\/v2\/media\/44403"}],"collection":[{"href":"https:\/\/www.politicosdosuldabahia.com.br\/v1\/wp-json\/wp\/v2\/media"}],"about":[{"href":"https:\/\/www.politicosdosuldabahia.com.br\/v1\/wp-json\/wp\/v2\/types\/attachment"}],"author":[{"embeddable":true,"href":"https:\/\/www.politicosdosuldabahia.com.br\/v1\/wp-json\/wp\/v2\/users\/2"}],"replies":[{"embeddable":true,"href":"https:\/\/www.politicosdosuldabahia.com.br\/v1\/wp-json\/wp\/v2\/comments?post=44403"}]}}

http://www.politicosdosuldabahia.com.br/v1/wp-content/uploads/2012/09/inocêncio-de-carvalho-promotor-público.jpg

inocêncio-de-carvalho-promotor-público

<p class="attachment"><a href='https://www.politicosdosuldabahia.com.br/v1/wp-content/uploads/2012/09/inocêncio-de-carvalho-promotor-público.jpg'><img loading="lazy" decoding="async" width="237" height="300" src="https://www.politicosdosuldabahia.com.br/v1/wp-content/uploads/2012/09/inocêncio-de-carvalho-promotor-público-237x300.jpg" class="attachment-medium size-medium" alt="" srcset="https://www.politicosdosuldabahia.com.br/v1/wp-content/uploads/2012/09/inocêncio-de-carvalho-promotor-público-237x300.jpg 237w, https://www.politicosdosuldabahia.com.br/v1/wp-content/uploads/2012/09/inocêncio-de-carvalho-promotor-público.jpg 413w" sizes="(max-width: 237px) 100vw, 237px" /></a></p>

2012/09/inocêncio-de-carvalho-promotor-público.jpg

inocêncio-de-carvalho-promotor-público-150x150.jpg

https://www.politicosdosuldabahia.com.br/v1/wp-content/uploads/2012/09/inocêncio-de-carvalho-promotor-público-150x150.jpg

inocêncio-de-carvalho-promotor-público-237x300.jpg

https://www.politicosdosuldabahia.com.br/v1/wp-content/uploads/2012/09/inocêncio-de-carvalho-promotor-público-237x300.jpg

inocêncio-de-carvalho-promotor-público.jpg

https://www.politicosdosuldabahia.com.br/v1/wp-content/uploads/2012/09/inocêncio-de-carvalho-promotor-público.jpg
