
{"id":156333,"date":"2021-11-24T11:37:08","date_gmt":"2021-11-24T14:37:08","guid":{"rendered":"http:\/\/www.politicosdosuldabahia.com.br\/v1\/wp-content\/uploads\/2021\/11\/Parque-de-Exposi\u00e7\u00f5es-Antonio-Setenta-sedia-a-Expofenita-Foto-Ascom-1.jpeg"},"modified":"2021-11-24T11:37:08","modified_gmt":"2021-11-24T14:37:08","slug":"parque-de-exposicoes-antonio-setenta-sedia-a-expofenita-foto-ascom-1","status":"inherit","type":"attachment","link":"https:\/\/www.politicosdosuldabahia.com.br\/v1\/2021\/11\/24\/itabuna-feira-da-agricultura-familiar-de-itabuna-movimentara-estande-a-expofenita\/parque-de-exposicoes-antonio-setenta-sedia-a-expofenita-foto-ascom-1\/","title":{"rendered":"Parque de Exposi\u00e7\u00f5es Antonio Setenta sedia a Expofenita &#8211; Foto Ascom (1)"},"author":992,"featured_media":0,"comment_status":"open","ping_status":"closed","template":"","meta":{"_links_to":"","_links_to_target":""},"class_list":["post-156333","attachment","type-attachment","status-inherit","hentry"],"description":{"rendered":"<p class=\"attachment\"><a href='https:\/\/www.politicosdosuldabahia.com.br\/v1\/wp-content\/uploads\/2021\/11\/Parque-de-Exposi\u00e7\u00f5es-Antonio-Setenta-sedia-a-Expofenita-Foto-Ascom-1-e1660312894555.jpeg'><img loading=\"lazy\" decoding=\"async\" width=\"300\" height=\"151\" src=\"https:\/\/www.politicosdosuldabahia.com.br\/v1\/wp-content\/uploads\/2021\/11\/Parque-de-Exposi\u00e7\u00f5es-Antonio-Setenta-sedia-a-Expofenita-Foto-Ascom-1-300x151.jpeg\" class=\"attachment-medium size-medium\" alt=\"\" srcset=\"https:\/\/www.politicosdosuldabahia.com.br\/v1\/wp-content\/uploads\/2021\/11\/Parque-de-Exposi\u00e7\u00f5es-Antonio-Setenta-sedia-a-Expofenita-Foto-Ascom-1-300x151.jpeg 300w, https:\/\/www.politicosdosuldabahia.com.br\/v1\/wp-content\/uploads\/2021\/11\/Parque-de-Exposi\u00e7\u00f5es-Antonio-Setenta-sedia-a-Expofenita-Foto-Ascom-1-768x388.jpeg 768w, https:\/\/www.politicosdosuldabahia.com.br\/v1\/wp-content\/uploads\/2021\/11\/Parque-de-Exposi\u00e7\u00f5es-Antonio-Setenta-sedia-a-Expofenita-Foto-Ascom-1-e1660312894555.jpeg 504w\" sizes=\"(max-width: 300px) 100vw, 300px\" \/><\/a><\/p>\n"},"caption":{"rendered":""},"alt_text":"","media_type":"image","mime_type":"image\/jpeg","media_details":{"width":504,"height":255,"file":"2021\/11\/Parque-de-Exposi\u00e7\u00f5es-Antonio-Setenta-sedia-a-Expofenita-Foto-Ascom-1-e1660312894555.jpeg","sizes":{"thumbnail":{"file":"Parque-de-Exposi\u00e7\u00f5es-Antonio-Setenta-sedia-a-Expofenita-Foto-Ascom-1-150x150.jpeg","width":150,"height":150,"mime_type":"image\/jpeg","source_url":"https:\/\/www.politicosdosuldabahia.com.br\/v1\/wp-content\/uploads\/2021\/11\/Parque-de-Exposi\u00e7\u00f5es-Antonio-Setenta-sedia-a-Expofenita-Foto-Ascom-1-150x150.jpeg"},"medium":{"file":"Parque-de-Exposi\u00e7\u00f5es-Antonio-Setenta-sedia-a-Expofenita-Foto-Ascom-1-300x151.jpeg","width":300,"height":151,"mime_type":"image\/jpeg","source_url":"https:\/\/www.politicosdosuldabahia.com.br\/v1\/wp-content\/uploads\/2021\/11\/Parque-de-Exposi\u00e7\u00f5es-Antonio-Setenta-sedia-a-Expofenita-Foto-Ascom-1-300x151.jpeg"},"medium_large":{"file":"Parque-de-Exposi\u00e7\u00f5es-Antonio-Setenta-sedia-a-Expofenita-Foto-Ascom-1-768x388.jpeg","width":768,"height":388,"mime_type":"image\/jpeg","source_url":"https:\/\/www.politicosdosuldabahia.com.br\/v1\/wp-content\/uploads\/2021\/11\/Parque-de-Exposi\u00e7\u00f5es-Antonio-Setenta-sedia-a-Expofenita-Foto-Ascom-1-768x388.jpeg"},"pps_thumbnails":{"file":"Parque-de-Exposi\u00e7\u00f5es-Antonio-Setenta-sedia-a-Expofenita-Foto-Ascom-1-400x300.jpeg","width":400,"height":300,"mime_type":"image\/jpeg","source_url":"https:\/\/www.politicosdosuldabahia.com.br\/v1\/wp-content\/uploads\/2021\/11\/Parque-de-Exposi\u00e7\u00f5es-Antonio-Setenta-sedia-a-Expofenita-Foto-Ascom-1-400x300.jpeg"},"full":{"file":"Parque-de-Exposi\u00e7\u00f5es-Antonio-Setenta-sedia-a-Expofenita-Foto-Ascom-1-e1660312894555.jpeg","width":504,"height":255,"mime_type":"image\/jpeg","source_url":"https:\/\/www.politicosdosuldabahia.com.br\/v1\/wp-content\/uploads\/2021\/11\/Parque-de-Exposi\u00e7\u00f5es-Antonio-Setenta-sedia-a-Expofenita-Foto-Ascom-1-e1660312894555.jpeg"}},"image_meta":{"aperture":"0","credit":"","camera":"","caption":"","created_timestamp":"0","copyright":"","focal_length":"0","iso":"0","shutter_speed":"0","title":"","orientation":"0","keywords":[]}},"post":156332,"source_url":"https:\/\/www.politicosdosuldabahia.com.br\/v1\/wp-content\/uploads\/2021\/11\/Parque-de-Exposi\u00e7\u00f5es-Antonio-Setenta-sedia-a-Expofenita-Foto-Ascom-1-e1660312894555.jpeg","_links":{"self":[{"href":"https:\/\/www.politicosdosuldabahia.com.br\/v1\/wp-json\/wp\/v2\/media\/156333"}],"collection":[{"href":"https:\/\/www.politicosdosuldabahia.com.br\/v1\/wp-json\/wp\/v2\/media"}],"about":[{"href":"https:\/\/www.politicosdosuldabahia.com.br\/v1\/wp-json\/wp\/v2\/types\/attachment"}],"author":[{"embeddable":true,"href":"https:\/\/www.politicosdosuldabahia.com.br\/v1\/wp-json\/wp\/v2\/users\/992"}],"replies":[{"embeddable":true,"href":"https:\/\/www.politicosdosuldabahia.com.br\/v1\/wp-json\/wp\/v2\/comments?post=156333"}]}}

http://www.politicosdosuldabahia.com.br/v1/wp-content/uploads/2021/11/Parque-de-Exposições-Antonio-Setenta-sedia-a-Expofenita-Foto-Ascom-1.jpeg

Parque de Exposições Antonio Setenta sedia a Expofenita &#8211; Foto Ascom (1)

<p class="attachment"><a href='https://www.politicosdosuldabahia.com.br/v1/wp-content/uploads/2021/11/Parque-de-Exposições-Antonio-Setenta-sedia-a-Expofenita-Foto-Ascom-1-e1660312894555.jpeg'><img loading="lazy" decoding="async" width="300" height="151" src="https://www.politicosdosuldabahia.com.br/v1/wp-content/uploads/2021/11/Parque-de-Exposições-Antonio-Setenta-sedia-a-Expofenita-Foto-Ascom-1-300x151.jpeg" class="attachment-medium size-medium" alt="" srcset="https://www.politicosdosuldabahia.com.br/v1/wp-content/uploads/2021/11/Parque-de-Exposições-Antonio-Setenta-sedia-a-Expofenita-Foto-Ascom-1-300x151.jpeg 300w, https://www.politicosdosuldabahia.com.br/v1/wp-content/uploads/2021/11/Parque-de-Exposições-Antonio-Setenta-sedia-a-Expofenita-Foto-Ascom-1-768x388.jpeg 768w, https://www.politicosdosuldabahia.com.br/v1/wp-content/uploads/2021/11/Parque-de-Exposições-Antonio-Setenta-sedia-a-Expofenita-Foto-Ascom-1-e1660312894555.jpeg 504w" sizes="(max-width: 300px) 100vw, 300px" /></a></p>

2021/11/Parque-de-Exposições-Antonio-Setenta-sedia-a-Expofenita-Foto-Ascom-1-e1660312894555.jpeg

Parque-de-Exposições-Antonio-Setenta-sedia-a-Expofenita-Foto-Ascom-1-150x150.jpeg

https://www.politicosdosuldabahia.com.br/v1/wp-content/uploads/2021/11/Parque-de-Exposições-Antonio-Setenta-sedia-a-Expofenita-Foto-Ascom-1-150x150.jpeg

Parque-de-Exposições-Antonio-Setenta-sedia-a-Expofenita-Foto-Ascom-1-300x151.jpeg

https://www.politicosdosuldabahia.com.br/v1/wp-content/uploads/2021/11/Parque-de-Exposições-Antonio-Setenta-sedia-a-Expofenita-Foto-Ascom-1-300x151.jpeg

Parque-de-Exposições-Antonio-Setenta-sedia-a-Expofenita-Foto-Ascom-1-768x388.jpeg

https://www.politicosdosuldabahia.com.br/v1/wp-content/uploads/2021/11/Parque-de-Exposições-Antonio-Setenta-sedia-a-Expofenita-Foto-Ascom-1-768x388.jpeg

Parque-de-Exposições-Antonio-Setenta-sedia-a-Expofenita-Foto-Ascom-1-400x300.jpeg

https://www.politicosdosuldabahia.com.br/v1/wp-content/uploads/2021/11/Parque-de-Exposições-Antonio-Setenta-sedia-a-Expofenita-Foto-Ascom-1-400x300.jpeg

Parque-de-Exposições-Antonio-Setenta-sedia-a-Expofenita-Foto-Ascom-1-e1660312894555.jpeg

https://www.politicosdosuldabahia.com.br/v1/wp-content/uploads/2021/11/Parque-de-Exposições-Antonio-Setenta-sedia-a-Expofenita-Foto-Ascom-1-e1660312894555.jpeg
