
{"id":142823,"date":"2020-11-06T18:01:02","date_gmt":"2020-11-06T21:01:02","guid":{"rendered":"http:\/\/www.politicosdosuldabahia.com.br\/v1\/wp-content\/uploads\/2020\/11\/Portal-Acesse-Pol\u00edtica-Aqui-voc\u00ea-sabe-o-que-ler-acessepolitica.com_.br-Jo\u00e3o-Bacelar-declara-n\u00e3o-abrir-m\u00e3o-de-Fernando-Gomes-na-reelei\u00e7\u00e3o-em-Itabuna.jpg"},"modified":"2020-11-06T18:01:02","modified_gmt":"2020-11-06T21:01:02","slug":"portal-acesse-politica-aqui-voce-sabe-o-que-ler-acessepolitica-com_-br-joao-bacelar-declara-nao-abrir-mao-de-fernando-gomes-na-reeleicao-em-itabuna-2","status":"inherit","type":"attachment","link":"https:\/\/www.politicosdosuldabahia.com.br\/v1\/2020\/11\/06\/itabuna-deputado-anuncia-inicio-da-duplicacao-da-br415\/portal-acesse-politica-aqui-voce-sabe-o-que-ler-acessepolitica-com_-br-joao-bacelar-declara-nao-abrir-mao-de-fernando-gomes-na-reeleicao-em-itabuna-2\/","title":{"rendered":"Portal-Acesse-Pol\u00edtica-Aqui-voc\u00ea-sabe-o-que-ler-acessepolitica.com_.br-Jo\u00e3o-Bacelar-declara-n\u00e3o-abrir-m\u00e3o-de-Fernando-Gomes-na-reelei\u00e7\u00e3o-em-Itabuna"},"author":2,"featured_media":0,"comment_status":"open","ping_status":"closed","template":"","meta":{"_links_to":"","_links_to_target":""},"class_list":["post-142823","attachment","type-attachment","status-inherit","hentry"],"description":{"rendered":"<p class=\"attachment\"><a href='https:\/\/www.politicosdosuldabahia.com.br\/v1\/wp-content\/uploads\/2020\/11\/Portal-Acesse-Pol\u00edtica-Aqui-voc\u00ea-sabe-o-que-ler-acessepolitica.com_.br-Jo\u00e3o-Bacelar-declara-n\u00e3o-abrir-m\u00e3o-de-Fernando-Gomes-na-reelei\u00e7\u00e3o-em-Itabuna.jpg'><img loading=\"lazy\" decoding=\"async\" width=\"300\" height=\"210\" src=\"https:\/\/www.politicosdosuldabahia.com.br\/v1\/wp-content\/uploads\/2020\/11\/Portal-Acesse-Pol\u00edtica-Aqui-voc\u00ea-sabe-o-que-ler-acessepolitica.com_.br-Jo\u00e3o-Bacelar-declara-n\u00e3o-abrir-m\u00e3o-de-Fernando-Gomes-na-reelei\u00e7\u00e3o-em-Itabuna-300x210.jpg\" class=\"attachment-medium size-medium\" alt=\"\" srcset=\"https:\/\/www.politicosdosuldabahia.com.br\/v1\/wp-content\/uploads\/2020\/11\/Portal-Acesse-Pol\u00edtica-Aqui-voc\u00ea-sabe-o-que-ler-acessepolitica.com_.br-Jo\u00e3o-Bacelar-declara-n\u00e3o-abrir-m\u00e3o-de-Fernando-Gomes-na-reelei\u00e7\u00e3o-em-Itabuna-300x210.jpg 300w, https:\/\/www.politicosdosuldabahia.com.br\/v1\/wp-content\/uploads\/2020\/11\/Portal-Acesse-Pol\u00edtica-Aqui-voc\u00ea-sabe-o-que-ler-acessepolitica.com_.br-Jo\u00e3o-Bacelar-declara-n\u00e3o-abrir-m\u00e3o-de-Fernando-Gomes-na-reelei\u00e7\u00e3o-em-Itabuna.jpg 471w\" sizes=\"(max-width: 300px) 100vw, 300px\" \/><\/a><\/p>\n"},"caption":{"rendered":""},"alt_text":"","media_type":"image","mime_type":"image\/jpeg","media_details":{"width":471,"height":330,"file":"2020\/11\/Portal-Acesse-Pol\u00edtica-Aqui-voc\u00ea-sabe-o-que-ler-acessepolitica.com_.br-Jo\u00e3o-Bacelar-declara-n\u00e3o-abrir-m\u00e3o-de-Fernando-Gomes-na-reelei\u00e7\u00e3o-em-Itabuna.jpg","sizes":{"thumbnail":{"file":"Portal-Acesse-Pol\u00edtica-Aqui-voc\u00ea-sabe-o-que-ler-acessepolitica.com_.br-Jo\u00e3o-Bacelar-declara-n\u00e3o-abrir-m\u00e3o-de-Fernando-Gomes-na-reelei\u00e7\u00e3o-em-Itabuna-150x150.jpg","width":150,"height":150,"mime_type":"image\/jpeg","source_url":"https:\/\/www.politicosdosuldabahia.com.br\/v1\/wp-content\/uploads\/2020\/11\/Portal-Acesse-Pol\u00edtica-Aqui-voc\u00ea-sabe-o-que-ler-acessepolitica.com_.br-Jo\u00e3o-Bacelar-declara-n\u00e3o-abrir-m\u00e3o-de-Fernando-Gomes-na-reelei\u00e7\u00e3o-em-Itabuna-150x150.jpg"},"medium":{"file":"Portal-Acesse-Pol\u00edtica-Aqui-voc\u00ea-sabe-o-que-ler-acessepolitica.com_.br-Jo\u00e3o-Bacelar-declara-n\u00e3o-abrir-m\u00e3o-de-Fernando-Gomes-na-reelei\u00e7\u00e3o-em-Itabuna-300x210.jpg","width":300,"height":210,"mime_type":"image\/jpeg","source_url":"https:\/\/www.politicosdosuldabahia.com.br\/v1\/wp-content\/uploads\/2020\/11\/Portal-Acesse-Pol\u00edtica-Aqui-voc\u00ea-sabe-o-que-ler-acessepolitica.com_.br-Jo\u00e3o-Bacelar-declara-n\u00e3o-abrir-m\u00e3o-de-Fernando-Gomes-na-reelei\u00e7\u00e3o-em-Itabuna-300x210.jpg"},"pps_thumbnails":{"file":"Portal-Acesse-Pol\u00edtica-Aqui-voc\u00ea-sabe-o-que-ler-acessepolitica.com_.br-Jo\u00e3o-Bacelar-declara-n\u00e3o-abrir-m\u00e3o-de-Fernando-Gomes-na-reelei\u00e7\u00e3o-em-Itabuna-400x300.jpg","width":400,"height":300,"mime_type":"image\/jpeg","source_url":"https:\/\/www.politicosdosuldabahia.com.br\/v1\/wp-content\/uploads\/2020\/11\/Portal-Acesse-Pol\u00edtica-Aqui-voc\u00ea-sabe-o-que-ler-acessepolitica.com_.br-Jo\u00e3o-Bacelar-declara-n\u00e3o-abrir-m\u00e3o-de-Fernando-Gomes-na-reelei\u00e7\u00e3o-em-Itabuna-400x300.jpg"},"full":{"file":"Portal-Acesse-Pol\u00edtica-Aqui-voc\u00ea-sabe-o-que-ler-acessepolitica.com_.br-Jo\u00e3o-Bacelar-declara-n\u00e3o-abrir-m\u00e3o-de-Fernando-Gomes-na-reelei\u00e7\u00e3o-em-Itabuna.jpg","width":471,"height":330,"mime_type":"image\/jpeg","source_url":"https:\/\/www.politicosdosuldabahia.com.br\/v1\/wp-content\/uploads\/2020\/11\/Portal-Acesse-Pol\u00edtica-Aqui-voc\u00ea-sabe-o-que-ler-acessepolitica.com_.br-Jo\u00e3o-Bacelar-declara-n\u00e3o-abrir-m\u00e3o-de-Fernando-Gomes-na-reelei\u00e7\u00e3o-em-Itabuna.jpg"}},"image_meta":{"aperture":"0","credit":"","camera":"","caption":"","created_timestamp":"0","copyright":"","focal_length":"0","iso":"0","shutter_speed":"0","title":"","orientation":"0","keywords":[]}},"post":142821,"source_url":"https:\/\/www.politicosdosuldabahia.com.br\/v1\/wp-content\/uploads\/2020\/11\/Portal-Acesse-Pol\u00edtica-Aqui-voc\u00ea-sabe-o-que-ler-acessepolitica.com_.br-Jo\u00e3o-Bacelar-declara-n\u00e3o-abrir-m\u00e3o-de-Fernando-Gomes-na-reelei\u00e7\u00e3o-em-Itabuna.jpg","_links":{"self":[{"href":"https:\/\/www.politicosdosuldabahia.com.br\/v1\/wp-json\/wp\/v2\/media\/142823"}],"collection":[{"href":"https:\/\/www.politicosdosuldabahia.com.br\/v1\/wp-json\/wp\/v2\/media"}],"about":[{"href":"https:\/\/www.politicosdosuldabahia.com.br\/v1\/wp-json\/wp\/v2\/types\/attachment"}],"author":[{"embeddable":true,"href":"https:\/\/www.politicosdosuldabahia.com.br\/v1\/wp-json\/wp\/v2\/users\/2"}],"replies":[{"embeddable":true,"href":"https:\/\/www.politicosdosuldabahia.com.br\/v1\/wp-json\/wp\/v2\/comments?post=142823"}]}}

http://www.politicosdosuldabahia.com.br/v1/wp-content/uploads/2020/11/Portal-Acesse-Política-Aqui-você-sabe-o-que-ler-acessepolitica.com_.br-João-Bacelar-declara-não-abrir-mão-de-Fernando-Gomes-na-reeleição-em-Itabuna.jpg

Portal-Acesse-Política-Aqui-você-sabe-o-que-ler-acessepolitica.com_.br-João-Bacelar-declara-não-abrir-mão-de-Fernando-Gomes-na-reeleição-em-Itabuna

<p class="attachment"><a href='https://www.politicosdosuldabahia.com.br/v1/wp-content/uploads/2020/11/Portal-Acesse-Política-Aqui-você-sabe-o-que-ler-acessepolitica.com_.br-João-Bacelar-declara-não-abrir-mão-de-Fernando-Gomes-na-reeleição-em-Itabuna.jpg'><img loading="lazy" decoding="async" width="300" height="210" src="https://www.politicosdosuldabahia.com.br/v1/wp-content/uploads/2020/11/Portal-Acesse-Política-Aqui-você-sabe-o-que-ler-acessepolitica.com_.br-João-Bacelar-declara-não-abrir-mão-de-Fernando-Gomes-na-reeleição-em-Itabuna-300x210.jpg" class="attachment-medium size-medium" alt="" srcset="https://www.politicosdosuldabahia.com.br/v1/wp-content/uploads/2020/11/Portal-Acesse-Política-Aqui-você-sabe-o-que-ler-acessepolitica.com_.br-João-Bacelar-declara-não-abrir-mão-de-Fernando-Gomes-na-reeleição-em-Itabuna-300x210.jpg 300w, https://www.politicosdosuldabahia.com.br/v1/wp-content/uploads/2020/11/Portal-Acesse-Política-Aqui-você-sabe-o-que-ler-acessepolitica.com_.br-João-Bacelar-declara-não-abrir-mão-de-Fernando-Gomes-na-reeleição-em-Itabuna.jpg 471w" sizes="(max-width: 300px) 100vw, 300px" /></a></p>

2020/11/Portal-Acesse-Política-Aqui-você-sabe-o-que-ler-acessepolitica.com_.br-João-Bacelar-declara-não-abrir-mão-de-Fernando-Gomes-na-reeleição-em-Itabuna.jpg

Portal-Acesse-Política-Aqui-você-sabe-o-que-ler-acessepolitica.com_.br-João-Bacelar-declara-não-abrir-mão-de-Fernando-Gomes-na-reeleição-em-Itabuna-150x150.jpg

https://www.politicosdosuldabahia.com.br/v1/wp-content/uploads/2020/11/Portal-Acesse-Política-Aqui-você-sabe-o-que-ler-acessepolitica.com_.br-João-Bacelar-declara-não-abrir-mão-de-Fernando-Gomes-na-reeleição-em-Itabuna-150x150.jpg

Portal-Acesse-Política-Aqui-você-sabe-o-que-ler-acessepolitica.com_.br-João-Bacelar-declara-não-abrir-mão-de-Fernando-Gomes-na-reeleição-em-Itabuna-300x210.jpg

https://www.politicosdosuldabahia.com.br/v1/wp-content/uploads/2020/11/Portal-Acesse-Política-Aqui-você-sabe-o-que-ler-acessepolitica.com_.br-João-Bacelar-declara-não-abrir-mão-de-Fernando-Gomes-na-reeleição-em-Itabuna-300x210.jpg

Portal-Acesse-Política-Aqui-você-sabe-o-que-ler-acessepolitica.com_.br-João-Bacelar-declara-não-abrir-mão-de-Fernando-Gomes-na-reeleição-em-Itabuna-400x300.jpg

https://www.politicosdosuldabahia.com.br/v1/wp-content/uploads/2020/11/Portal-Acesse-Política-Aqui-você-sabe-o-que-ler-acessepolitica.com_.br-João-Bacelar-declara-não-abrir-mão-de-Fernando-Gomes-na-reeleição-em-Itabuna-400x300.jpg

Portal-Acesse-Política-Aqui-você-sabe-o-que-ler-acessepolitica.com_.br-João-Bacelar-declara-não-abrir-mão-de-Fernando-Gomes-na-reeleição-em-Itabuna.jpg

https://www.politicosdosuldabahia.com.br/v1/wp-content/uploads/2020/11/Portal-Acesse-Política-Aqui-você-sabe-o-que-ler-acessepolitica.com_.br-João-Bacelar-declara-não-abrir-mão-de-Fernando-Gomes-na-reeleição-em-Itabuna.jpg
