
{"id":123426,"date":"2019-07-31T00:26:15","date_gmt":"2019-07-31T03:26:15","guid":{"rendered":"http:\/\/www.politicosdosuldabahia.com.br\/v1\/wp-content\/uploads\/2019\/07\/Ciro-Gomes-\u00e9-recepcionado-em-Ilh\u00e9us-Foto-Andreyver-Lima-1.jpg"},"modified":"2019-07-31T00:26:15","modified_gmt":"2019-07-31T03:26:15","slug":"ciro-gomes-e-recepcionado-em-ilheus-foto-andreyver-lima-2","status":"inherit","type":"attachment","link":"https:\/\/www.politicosdosuldabahia.com.br\/v1\/2019\/07\/31\/itabuna-justica-condena-ex-vereador-a-19-anos-de-prisao\/ciro-gomes-e-recepcionado-em-ilheus-foto-andreyver-lima-2\/","title":{"rendered":"Ciro Gomes \u00e9 recepcionado em Ilh\u00e9us Foto Andreyver Lima"},"author":2,"featured_media":0,"comment_status":"open","ping_status":"closed","template":"","meta":{"_links_to":"","_links_to_target":""},"class_list":["post-123426","attachment","type-attachment","status-inherit","hentry"],"description":{"rendered":"<p class=\"attachment\"><a href='https:\/\/www.politicosdosuldabahia.com.br\/v1\/wp-content\/uploads\/2019\/07\/Ciro-Gomes-\u00e9-recepcionado-em-Ilh\u00e9us-Foto-Andreyver-Lima-1.jpg'><img loading=\"lazy\" decoding=\"async\" width=\"300\" height=\"243\" src=\"https:\/\/www.politicosdosuldabahia.com.br\/v1\/wp-content\/uploads\/2019\/07\/Ciro-Gomes-\u00e9-recepcionado-em-Ilh\u00e9us-Foto-Andreyver-Lima-1-300x243.jpg\" class=\"attachment-medium size-medium\" alt=\"\" srcset=\"https:\/\/www.politicosdosuldabahia.com.br\/v1\/wp-content\/uploads\/2019\/07\/Ciro-Gomes-\u00e9-recepcionado-em-Ilh\u00e9us-Foto-Andreyver-Lima-1-300x243.jpg 300w, https:\/\/www.politicosdosuldabahia.com.br\/v1\/wp-content\/uploads\/2019\/07\/Ciro-Gomes-\u00e9-recepcionado-em-Ilh\u00e9us-Foto-Andreyver-Lima-1.jpg 415w\" sizes=\"(max-width: 300px) 100vw, 300px\" \/><\/a><\/p>\n"},"caption":{"rendered":""},"alt_text":"","media_type":"image","mime_type":"image\/jpeg","media_details":{"width":415,"height":336,"file":"2019\/07\/Ciro-Gomes-\u00e9-recepcionado-em-Ilh\u00e9us-Foto-Andreyver-Lima-1.jpg","sizes":{"thumbnail":{"file":"Ciro-Gomes-\u00e9-recepcionado-em-Ilh\u00e9us-Foto-Andreyver-Lima-1-150x150.jpg","width":150,"height":150,"mime_type":"image\/jpeg","source_url":"https:\/\/www.politicosdosuldabahia.com.br\/v1\/wp-content\/uploads\/2019\/07\/Ciro-Gomes-\u00e9-recepcionado-em-Ilh\u00e9us-Foto-Andreyver-Lima-1-150x150.jpg"},"medium":{"file":"Ciro-Gomes-\u00e9-recepcionado-em-Ilh\u00e9us-Foto-Andreyver-Lima-1-300x243.jpg","width":300,"height":243,"mime_type":"image\/jpeg","source_url":"https:\/\/www.politicosdosuldabahia.com.br\/v1\/wp-content\/uploads\/2019\/07\/Ciro-Gomes-\u00e9-recepcionado-em-Ilh\u00e9us-Foto-Andreyver-Lima-1-300x243.jpg"},"full":{"file":"Ciro-Gomes-\u00e9-recepcionado-em-Ilh\u00e9us-Foto-Andreyver-Lima-1.jpg","width":415,"height":336,"mime_type":"image\/jpeg","source_url":"https:\/\/www.politicosdosuldabahia.com.br\/v1\/wp-content\/uploads\/2019\/07\/Ciro-Gomes-\u00e9-recepcionado-em-Ilh\u00e9us-Foto-Andreyver-Lima-1.jpg"}},"image_meta":{"aperture":"1.75","credit":"","camera":"moto g(7) plus","caption":"","created_timestamp":"1563281538","copyright":"","focal_length":"4.28","iso":"589","shutter_speed":"0.0333333333333","title":"","orientation":"1","keywords":[]}},"post":123425,"source_url":"https:\/\/www.politicosdosuldabahia.com.br\/v1\/wp-content\/uploads\/2019\/07\/Ciro-Gomes-\u00e9-recepcionado-em-Ilh\u00e9us-Foto-Andreyver-Lima-1.jpg","_links":{"self":[{"href":"https:\/\/www.politicosdosuldabahia.com.br\/v1\/wp-json\/wp\/v2\/media\/123426"}],"collection":[{"href":"https:\/\/www.politicosdosuldabahia.com.br\/v1\/wp-json\/wp\/v2\/media"}],"about":[{"href":"https:\/\/www.politicosdosuldabahia.com.br\/v1\/wp-json\/wp\/v2\/types\/attachment"}],"author":[{"embeddable":true,"href":"https:\/\/www.politicosdosuldabahia.com.br\/v1\/wp-json\/wp\/v2\/users\/2"}],"replies":[{"embeddable":true,"href":"https:\/\/www.politicosdosuldabahia.com.br\/v1\/wp-json\/wp\/v2\/comments?post=123426"}]}}

http://www.politicosdosuldabahia.com.br/v1/wp-content/uploads/2019/07/Ciro-Gomes-é-recepcionado-em-Ilhéus-Foto-Andreyver-Lima-1.jpg

Ciro Gomes é recepcionado em Ilhéus Foto Andreyver Lima

<p class="attachment"><a href='https://www.politicosdosuldabahia.com.br/v1/wp-content/uploads/2019/07/Ciro-Gomes-é-recepcionado-em-Ilhéus-Foto-Andreyver-Lima-1.jpg'><img loading="lazy" decoding="async" width="300" height="243" src="https://www.politicosdosuldabahia.com.br/v1/wp-content/uploads/2019/07/Ciro-Gomes-é-recepcionado-em-Ilhéus-Foto-Andreyver-Lima-1-300x243.jpg" class="attachment-medium size-medium" alt="" srcset="https://www.politicosdosuldabahia.com.br/v1/wp-content/uploads/2019/07/Ciro-Gomes-é-recepcionado-em-Ilhéus-Foto-Andreyver-Lima-1-300x243.jpg 300w, https://www.politicosdosuldabahia.com.br/v1/wp-content/uploads/2019/07/Ciro-Gomes-é-recepcionado-em-Ilhéus-Foto-Andreyver-Lima-1.jpg 415w" sizes="(max-width: 300px) 100vw, 300px" /></a></p>

2019/07/Ciro-Gomes-é-recepcionado-em-Ilhéus-Foto-Andreyver-Lima-1.jpg

Ciro-Gomes-é-recepcionado-em-Ilhéus-Foto-Andreyver-Lima-1-150x150.jpg

https://www.politicosdosuldabahia.com.br/v1/wp-content/uploads/2019/07/Ciro-Gomes-é-recepcionado-em-Ilhéus-Foto-Andreyver-Lima-1-150x150.jpg

Ciro-Gomes-é-recepcionado-em-Ilhéus-Foto-Andreyver-Lima-1-300x243.jpg

https://www.politicosdosuldabahia.com.br/v1/wp-content/uploads/2019/07/Ciro-Gomes-é-recepcionado-em-Ilhéus-Foto-Andreyver-Lima-1-300x243.jpg

Ciro-Gomes-é-recepcionado-em-Ilhéus-Foto-Andreyver-Lima-1.jpg

https://www.politicosdosuldabahia.com.br/v1/wp-content/uploads/2019/07/Ciro-Gomes-é-recepcionado-em-Ilhéus-Foto-Andreyver-Lima-1.jpg
